+ o*n. What are the prime factors of t?
59
Let w(j) = 1089*j - 1936. List the prime factors of w(22).
2, 7, 11, 13
List the prime factors of ((1617820/(-30))/23)/((-4)/12).
2, 3517
Let h be 210/(-3 - -9) + -9. Let l(i) = i**3 - 24*i**2 - 19*i - 50. What are the prime factors of l(h)?
2, 101
Suppose -948 = 8*p - 12*p. Suppose 0 = 9*j + 57 - p. Suppose -66 = 18*k - j*k. What are the prime factors of k?
3, 11
Suppose 2*r - 11554 = -3*t, -3*r = -22*t + 18*t - 17365. List the prime factors of r.
5783
Let h(s) be the third derivative of s**5/60 + 3*s**4/8 + 2*s**3/3 + 7*s**2. Let c be h(-14). Let p = c + 48. What are the prime factors of p?
2, 61
Let o(w) = w**3 - 7*w**2 - 6*w + 45. Let g be o(7). Suppose -g*c + c - 4*n = -704, 0 = 5*c - n - 1716. What are the prime factors of c?
2, 43
Let d = 18456 - 10761. What are the prime factors of d?
3, 5, 19
Let y(u) be the second derivative of -11/2*u**2 - 15*u + 0 + 5/2*u**3. List the prime factors of y(11).
2, 7, 11
What are the prime factors of (-17)/(-34) - 5419/(-2)?
2, 5, 271
Suppose 0 = 7*m - 14. Suppose -2*q = 2*q - 3*i - 77, -q - m*i = -33. Let v = 7 + q. List the prime factors of v.
2, 3, 5
Let y(o) be the first derivative of 7*o**3/3 - o**2/2 - 165*o - 212. List the prime factors of y(11).
11, 61
Let u be (-4 - 74)*88/(-12). Suppose -u = -35*n + 24*n. What are the prime factors of n?
2, 13
Let z(l) be the third derivative of -l**5/60 + 17*l**4/24 - 23*l**3/6 + 11*l**2. Let a be z(13). Suppose 24*s = a*s - 190. What are the prime factors of s?
2, 19
Suppose -8 = 2*g, 5*g - 66402 = -4*u + 25306. List the prime factors of u.
2, 3, 7, 13
Let t(g) = -2*g**3 + 49*g**2 - 12*g + 62. Let b be (33 - 10)*(-2 + 3). List the prime factors of t(b).
1373
Let z(s) be the first derivative of 15*s**2 + 679*s + 11. What are the prime factors of z(0)?
7, 97
Suppose -w = 1, -580*w + 185068 = 5*v - 578*w. List the prime factors of v.
2, 3, 31, 199
Let m = 5249 + 427. List the prime factors of m.
2, 3, 11, 43
Let s be 272/72 - 2/(-9). Let b be 4/s*287*(-6)/(-7). Suppose t + 2*t - b = 0. What are the prime factors of t?
2, 41
Let s be ((-1290)/9)/(2/12*2). Suppose 8*o - 137 - 103 = 0. What are the prime factors of s/(-4) - (-15)/o?
2, 3
Let i(a) = -26*a + 2932. Let f be i(0). Suppose -4*l + 2*q = -f, 4*l - 3*q = 9*l - 3643. List the prime factors of l.
17, 43
Suppose 0 = -4*o - 5*c + 79 - 240, 3*o = -2*c - 112. Let i be 163 - (1 + -1)/2. Let t = o + i. List the prime factors of t.
3, 43
Suppose -8*m + 2 + 38 = 0. Suppose 525 = 5*n - m*o, -318 = -2*n - 5*o - 80. What are the prime factors of n?
109
Let x(u) = 2*u**2 - 52*u + 8. Let k(n) = 1. Let z(g) = 10*k(g) - x(g). What are the prime factors of z(12)?
2, 13
Let m(a) = 2*a**3 - 32*a**2 - 28*a + 15. Let x be m(20). Suppose -15*q = -x - 645. List the prime factors of q.
2, 5, 11
Suppose 11*x = 14*x - 9. Let m be (5 - x) + 1 + -44. Let b = m + 70. What are the prime factors of b?
29
Suppose 51 = -3*i + c - 5*c, -4*i = -2*c + 90. Let t be 4/8 + (2 - i/6). Suppose 0 = t*x - 373 - 227. What are the prime factors of x?
2, 5
Let b = 342 + -343. List the prime factors of b - -5 - (-1285 - -48).
17, 73
Let p(h) = -79*h - 6. Let z be p(-3). Let i = z + -185. What are the prime factors of i?
2, 23
Let j = 10844 - -1746. List the prime factors of j.
2, 5, 1259
Let f = 237 + -121. Let d = f - 67. What are the prime factors of d?
7
Let y be 2*(-2)/6 + (-560)/(-120). Suppose -8*z + y*z = 0. Suppose -s + 41 + 49 = z. List the prime factors of s.
2, 3, 5
Let b(a) = 7*a - 47. Let k be b(8). Suppose k*f = 19*f - 6560. What are the prime factors of f?
2, 41
Suppose -428*m - 57280 = -444*m. What are the prime factors of m?
2, 5, 179
Suppose 10*z = -0*z + 210. What are the prime factors of ((-15)/z + 1)*(-2387)/(-11)?
2, 31
Let k(v) = -23*v + 6. Let w be k(-9). Let y = -181 - -183. Suppose w - 597 = -y*u. What are the prime factors of u?
2, 3
Suppose -6*h + h + 2*t = -455742, 273483 = 3*h + 3*t. List the prime factors of h.
2, 3, 211
Suppose 570103 + 411009 = 30*a - 985658. What are the prime factors of a?
3, 13, 41
List the prime factors of (4 - 564/138) + ((-616408)/(-92) - -4).
2, 419
Suppose 31*v - 34*v = 4*f - 29080, v = -f + 9691. List the prime factors of v.
2, 3, 269
Let d(x) be the first derivative of x**4/2 - 4*x**3/3 + 3*x**2 + 16*x - 64. List the prime factors of d(6).
2, 5, 17
Let w(m) = 26*m**2 - 148*m - 6577. What are the prime factors of w(-46)?
101, 547
Let z(f) be the third derivative of f**6/24 + f**4/3 - 13*f**3/6 - 130*f**2. List the prime factors of z(6).
5, 223
Suppose 9*n - 7*n - 11 = -g, 0 = 5*g + 3*n - 27. Suppose -g*b = -16 + 1. Let i = b + 41. What are the prime factors of i?
2, 23
Suppose 14 - 25 = -11*q. What are the prime factors of (-2778)/6*(0 - q) + -2?
461
Let f(s) = -s**3 + 20*s**2 - 36*s - 16. Let p be f(18). What are the prime factors of p/8*(-3 + -455)?
2, 229
Suppose 3*c - 5*m = c + 236, 0 = -c + 3*m + 118. Suppose c = 4*z - 62. Let t = z + 51. What are the prime factors of t?
2, 3
Let x = 845 + -599. Suppose 7*r - 53 = -25. Suppose 0 = d - 2*z - x, 4*d + r*z - 996 = -0*d. What are the prime factors of d?
2, 31
Let j = -62 + 67. Suppose -301 = -35*t + 33*t + 3*q, -j = -q. What are the prime factors of t?
2, 79
Let d = -44 + 163. Let l be ((-197)/3)/((-17)/(-3) - 6). Let h = l - d. What are the prime factors of h?
2, 3, 13
Let h = 223 + -187. Suppose 4*c = 4*v - 1532, -3*v - h*c = -37*c - 1143. List the prime factors of v.
2, 5, 19
Let m(r) = -1484*r - 1467. What are the prime factors of m(-4)?
41, 109
Let b(m) = 398*m - 4314. List the prime factors of b(25).
2, 1409
Let m = 3925 + -1823. List the prime factors of m.
2, 1051
Suppose 5*b - 215 + 190 = 0. Suppose u + 206 + 323 = 5*n, -b*n + 5*u + 525 = 0. What are the prime factors of n?
2, 53
Let o(w) = -2920*w - 1662. List the prime factors of o(-11).
2, 97, 157
What are the prime factors of ((-11)/(198/(-102)))/(71844/(-23949) - -3)?
3, 17, 887
Let t be (-8)/(-10) - (-912)/(-15). Suppose -32*q = -54*q + 1386. Let f = t + q. What are the prime factors of f?
3
Let s(q) = -q**3 + 2*q**2 - q. Let v be s(5). Let u = -196 - v. Let a = u + 228. List the prime factors of a.
2, 7
Suppose 16092 = 3*d - 5*f, -23*d + 25*d + f - 10754 = 0. What are the prime factors of d?
2, 2687
Let x(f) = 15*f**2 - 68*f + 915. What are the prime factors of x(-31)?
2, 8719
List the prime factors of (-3)/2 - (-750804)/152.
2, 3, 823
Let w be 2*(-40)/32 + 22/4. Suppose 5*j - 1552 - 383 = 0. Suppose -w*t + 6*t = j. List the prime factors of t.
3, 43
Suppose b - 5*n + 23 = 0, 2*b + 0*n = -2*n + 14. Suppose 0 = 2*h + b*h - 12. Suppose 3 - 141 = -h*u. What are the prime factors of u?
2, 23
Let r(a) = -a**3 + 28*a**2 + 15*a + 30. Let o be r(25). Suppose -9*s - 192 = -o. What are the prime factors of s?
2, 29
Let s(z) = -z**3 + 53*z**2 - 57*z - 375. List the prime factors of s(40).
5, 19, 191
Let j be (7 + (-5 - 1))*634. Suppose 0 = 3*n + 5*r - 941, -2*n = 6*r - r - j. What are the prime factors of n?
307
Let k(n) = n**3 + 9*n**2 - 2*n - 20. Let s be k(-5). What are the prime factors of 6/(-12) - -11*s/4?
13, 19
Suppose -y - 14 = -4*v, y + 20 = 2*v + 4. Let r = 152 + y. What are the prime factors of r?
2, 67
Let p = -26357 + 59479. What are the prime factors of p?
2, 16561
Let w = -165 - -495. Suppose 79*n + 370 = 77*n + 2*v, 3*n = 2*v - 554. Let k = n + w. What are the prime factors of k?
2, 73
Suppose -2*n = q - 119523, -4*n + 310912 = q + 71863. List the prime factors of n.
3, 11, 1811
Suppose 5*m = -r + 5, -4*r + 3*m + 20 = -0*m. Suppose -2*u = w - 1164 + 191, -5*u - r*w = -2440. List the prime factors of u.
5, 97
Suppose -3*t + 2*s = -0*s - 23, 5*s + 30 = 5*t. Suppose 0 = -14*q + t*q + 528. What are the prime factors of q?
2, 11
Let a(o) = -o**3 + o**2 + 3*o - 3. Let p be a(-2). Suppose -1 = -p*w + 5. Suppose -s + 0*q = -2*q + 1, -w*s + 8 = q. What are the prime factors of s?
3
Let f = 54 + -75. Let g be ((12/(-10))/(f/(-350)))/(-2). Suppose -d + 48 = g. List the prime factors of d.
2, 19
Let u = 398 + -1027. Let l = u - -1119. List the prime factors of l.
2, 5, 7
Suppose 5*k = l - 1505, l - 11*k + 13*k - 1498 = 0. List the prime factors of l.
2, 3, 5
Let k = 19 - 9. Suppose -k*n + 1425 = 75. List the prime factors of n.
3, 5
Su